{"id":1506,"date":"2013-10-31T21:51:48","date_gmt":"2013-10-31T21:51:48","guid":{"rendered":"http:\/\/www.humbertoramos.net\/cifras\/?page_id=1506"},"modified":"2013-10-31T21:51:48","modified_gmt":"2013-10-31T21:51:48","slug":"cordas","status":"publish","type":"page","link":"https:\/\/www.humbertoramos.net\/cifras\/musicos\/cordas\/","title":{"rendered":"Cordas"},"content":{"rendered":"<ul class=\"lcp_catlist\" id=\"lcp_instance_0\"><li><a href=\"https:\/\/www.humbertoramos.net\/cifras\/adao-brito\/\">Ad\u00e3o Brito<\/a><\/li><li><a href=\"https:\/\/www.humbertoramos.net\/cifras\/aderito-pontes\/\">Ad\u00e9rito Pontes<\/a><\/li><li><a href=\"https:\/\/www.humbertoramos.net\/cifras\/b-leza\/\">B.Leza<\/a><\/li><li><a href=\"https:\/\/www.humbertoramos.net\/cifras\/bau\/\">Bau<\/a><\/li><li><a href=\"https:\/\/www.humbertoramos.net\/cifras\/beto-santos\/\">Beto Santos<\/a><\/li><li><a href=\"https:\/\/www.humbertoramos.net\/cifras\/cleudir-mota\/\">Cleudir Mota<\/a><\/li><li><a href=\"https:\/\/www.humbertoramos.net\/cifras\/danila-silva\/\">Danila Silva<\/a><\/li><li><a href=\"https:\/\/www.humbertoramos.net\/cifras\/danilo-tavares\/\">Danilo Tavares<\/a><\/li><li><a href=\"https:\/\/www.humbertoramos.net\/cifras\/dany\/\">Dany<\/a><\/li><li><a href=\"https:\/\/www.humbertoramos.net\/cifras\/djudjuty-alves\/\">Djudjuty Alves<\/a><\/li><li><a href=\"https:\/\/www.humbertoramos.net\/cifras\/eca-monteiro\/\">E\u00e7a Monteiro<\/a><\/li><li><a href=\"https:\/\/www.humbertoramos.net\/cifras\/eder-fonseca\/\">Eder Fonseca<\/a><\/li><li><a href=\"https:\/\/www.humbertoramos.net\/cifras\/eder-mota\/\">Eder Mota<\/a><\/li><li><a href=\"https:\/\/www.humbertoramos.net\/cifras\/erineu-monteiro\/\">Erineu Monteiro<\/a><\/li><li><a href=\"https:\/\/www.humbertoramos.net\/cifras\/feel-bass\/\">Feel Bass<\/a><\/li><li><a href=\"https:\/\/www.humbertoramos.net\/cifras\/gai\/\">Gai<\/a><\/li><li><a href=\"https:\/\/www.humbertoramos.net\/cifras\/ze-galvao\/\">Galv\u00e3o<\/a><\/li><li><a href=\"https:\/\/www.humbertoramos.net\/cifras\/hernani-almeida\/\">Hernani Almeida<\/a><\/li><li><a href=\"https:\/\/www.humbertoramos.net\/cifras\/ivan-gomes\/\">Ivan Gomes<\/a><\/li><li><a href=\"https:\/\/www.humbertoramos.net\/cifras\/ivan-medina\/\">Ivan Medina<\/a><\/li><li><a href=\"https:\/\/www.humbertoramos.net\/cifras\/jon-luz\/\">Jon Luz<\/a><\/li><li><a href=\"https:\/\/www.humbertoramos.net\/cifras\/jorge-santos\/\">Jorge Almeida<\/a><\/li><li><a href=\"https:\/\/www.humbertoramos.net\/cifras\/kiso\/\">Kis\u00f3<\/a><\/li><li><a href=\"https:\/\/www.humbertoramos.net\/cifras\/lucio-vieira\/\">Lucio Vieira<\/a><\/li><li><a href=\"https:\/\/www.humbertoramos.net\/cifras\/luis-goncalves-papona\/\">Luis Gon\u00e7alves (Papona)<\/a><\/li><li><a href=\"https:\/\/www.humbertoramos.net\/cifras\/luis-rendall\/\">Luis Rendall<\/a><\/li><li><a href=\"https:\/\/www.humbertoramos.net\/cifras\/mestre-baptista-1917-1998\/\">Mestre Baptista 1917-1998<\/a><\/li><li><a href=\"https:\/\/www.humbertoramos.net\/cifras\/micka-faria\/\">Micka Faria<\/a><\/li><li><a href=\"https:\/\/www.humbertoramos.net\/cifras\/nolito-pinheiro\/\">Nolito Pinheiro<\/a><\/li><li><a href=\"https:\/\/www.humbertoramos.net\/cifras\/palo\/\">Pal\u00f3<\/a><\/li><li><a href=\"https:\/\/www.humbertoramos.net\/cifras\/renato-chantre\/\">Renato Chantre<\/a><\/li><li><a href=\"https:\/\/www.humbertoramos.net\/cifras\/rolando-semedo\/\">Rolando Semedo<\/a><\/li><li><a href=\"https:\/\/www.humbertoramos.net\/cifras\/sergio-figueira\/\">S\u00e9rgio Figueira<\/a><\/li><li><a href=\"https:\/\/www.humbertoramos.net\/cifras\/stephan-almeida\/\">Stephan Almeida<\/a><\/li><li><a href=\"https:\/\/www.humbertoramos.net\/cifras\/tino-mc\/\">Tino Mc<\/a><\/li><li><a href=\"https:\/\/www.humbertoramos.net\/cifras\/vando-pereira\/\">Vando Pereira<\/a><\/li><li><a href=\"https:\/\/www.humbertoramos.net\/cifras\/zeca-mauricio\/\">Zeca Maur\u00edcio<\/a><\/li><\/ul>\n<div><\/div>\n","protected":false},"excerpt":{"rendered":"Ad\u00e3o BritoAd\u00e9rito PontesB.LezaBauBeto SantosCleudir MotaDanila SilvaDanilo TavaresDanyDjudjuty AlvesE\u00e7a MonteiroEder FonsecaEder MotaErineu MonteiroFeel BassGaiGalv\u00e3oHernani AlmeidaIvan GomesIvan MedinaJon LuzJorge AlmeidaKis\u00f3Lucio VieiraLuis Gon\u00e7alves (Papona)Luis RendallMestre Baptista 1917-1998Micka FariaNolito PinheiroPal\u00f3Renato ChantreRolando SemedoS\u00e9rgio FigueiraStephan AlmeidaTino [...]","protected":false},"author":1,"featured_media":0,"parent":1053,"menu_order":0,"comment_status":"closed","ping_status":"closed","template":"","meta":{"spay_email":"","footnotes":""},"class_list":["post-1506","page","type-page","status-publish","hentry"],"_links":{"self":[{"href":"https:\/\/www.humbertoramos.net\/cifras\/wp-json\/wp\/v2\/pages\/1506","targetHints":{"allow":["GET"]}}],"collection":[{"href":"https:\/\/www.humbertoramos.net\/cifras\/wp-json\/wp\/v2\/pages"}],"about":[{"href":"https:\/\/www.humbertoramos.net\/cifras\/wp-json\/wp\/v2\/types\/page"}],"author":[{"embeddable":true,"href":"https:\/\/www.humbertoramos.net\/cifras\/wp-json\/wp\/v2\/users\/1"}],"replies":[{"embeddable":true,"href":"https:\/\/www.humbertoramos.net\/cifras\/wp-json\/wp\/v2\/comments?post=1506"}],"version-history":[{"count":1,"href":"https:\/\/www.humbertoramos.net\/cifras\/wp-json\/wp\/v2\/pages\/1506\/revisions"}],"predecessor-version":[{"id":1507,"href":"https:\/\/www.humbertoramos.net\/cifras\/wp-json\/wp\/v2\/pages\/1506\/revisions\/1507"}],"up":[{"embeddable":true,"href":"https:\/\/www.humbertoramos.net\/cifras\/wp-json\/wp\/v2\/pages\/1053"}],"wp:attachment":[{"href":"https:\/\/www.humbertoramos.net\/cifras\/wp-json\/wp\/v2\/media?parent=1506"}],"curies":[{"name":"wp","href":"https:\/\/api.w.org\/{rel}","templated":true}]}}