{"id":2781,"date":"2017-10-26T11:04:55","date_gmt":"2017-10-26T11:04:55","guid":{"rendered":"http:\/\/www.humbertoramos.net\/cifras\/?page_id=2781"},"modified":"2017-10-26T11:08:21","modified_gmt":"2017-10-26T11:08:21","slug":"zouck","status":"publish","type":"page","link":"https:\/\/www.humbertoramos.net\/cifras\/listas\/zouck\/","title":{"rendered":"Zouck"},"content":{"rendered":"<ul class=\"lcp_catlist\" id=\"lcp_instance_0\"><li><a href=\"https:\/\/www.humbertoramos.net\/cifras\/bo-merece-mas-denis-graca\/\">B\u00f4 merec\u00ea mas &#8211; Denis Gra\u00e7a<\/a><\/li><li><a href=\"https:\/\/www.humbertoramos.net\/cifras\/hino-damor-ze-delgado\/\">Hino d&#8217;amor &#8211; Z\u00e9 Delgado<\/a><\/li><li><a href=\"https:\/\/www.humbertoramos.net\/cifras\/l-t-l-dynamo\/\">L.T.L  Dynamo<\/a><\/li><li><a href=\"https:\/\/www.humbertoramos.net\/cifras\/lolita-grace-evora\/\">Lolita -Guy Ramos\/Djony Fonseca e Grace \u00c9vora<\/a><\/li><li><a href=\"https:\/\/www.humbertoramos.net\/cifras\/mad-love-dynamo\/\">Mad Love &#8211; Dynamo<\/a><\/li><li><a href=\"https:\/\/www.humbertoramos.net\/cifras\/primavera-dynamo\/\">Primavera &#8211; Dynamo<\/a><\/li><li><a href=\"https:\/\/www.humbertoramos.net\/cifras\/primeiro-lugar-dynamo\/\">Primeiro lugar &#8211; Dynamo<\/a><\/li><li><a href=\"https:\/\/www.humbertoramos.net\/cifras\/rependimento-denis-graca\/\">Rependimento &#8211; Denis Gra\u00e7a<\/a><\/li><li><a href=\"https:\/\/www.humbertoramos.net\/cifras\/rosinha-jorge-neto\/\">Rosinha &#8211; Jorge Neto<\/a><\/li><\/ul>\n","protected":false},"excerpt":{"rendered":"B\u00f4 merec\u00ea mas &#8211; Denis Gra\u00e7aHino d&#8217;amor &#8211; Z\u00e9 DelgadoL.T.L DynamoLolita -Guy Ramos\/Djony Fonseca e Grace \u00c9voraMad Love &#8211; DynamoPrimavera &#8211; DynamoPrimeiro lugar &#8211; DynamoRependimento &#8211; Denis Gra\u00e7aRosinha &#8211; Jorge [...]","protected":false},"author":1,"featured_media":0,"parent":47,"menu_order":0,"comment_status":"closed","ping_status":"closed","template":"","meta":{"spay_email":"","footnotes":""},"class_list":["post-2781","page","type-page","status-publish","hentry"],"_links":{"self":[{"href":"https:\/\/www.humbertoramos.net\/cifras\/wp-json\/wp\/v2\/pages\/2781","targetHints":{"allow":["GET"]}}],"collection":[{"href":"https:\/\/www.humbertoramos.net\/cifras\/wp-json\/wp\/v2\/pages"}],"about":[{"href":"https:\/\/www.humbertoramos.net\/cifras\/wp-json\/wp\/v2\/types\/page"}],"author":[{"embeddable":true,"href":"https:\/\/www.humbertoramos.net\/cifras\/wp-json\/wp\/v2\/users\/1"}],"replies":[{"embeddable":true,"href":"https:\/\/www.humbertoramos.net\/cifras\/wp-json\/wp\/v2\/comments?post=2781"}],"version-history":[{"count":2,"href":"https:\/\/www.humbertoramos.net\/cifras\/wp-json\/wp\/v2\/pages\/2781\/revisions"}],"predecessor-version":[{"id":2784,"href":"https:\/\/www.humbertoramos.net\/cifras\/wp-json\/wp\/v2\/pages\/2781\/revisions\/2784"}],"up":[{"embeddable":true,"href":"https:\/\/www.humbertoramos.net\/cifras\/wp-json\/wp\/v2\/pages\/47"}],"wp:attachment":[{"href":"https:\/\/www.humbertoramos.net\/cifras\/wp-json\/wp\/v2\/media?parent=2781"}],"curies":[{"name":"wp","href":"https:\/\/api.w.org\/{rel}","templated":true}]}}