{"id":3290,"date":"2019-01-09T19:51:57","date_gmt":"2019-01-09T19:51:57","guid":{"rendered":"http:\/\/www.humbertoramos.net\/cifras\/?page_id=3290"},"modified":"2021-02-24T15:16:01","modified_gmt":"2021-02-24T15:16:01","slug":"vuca-pinheiro","status":"publish","type":"page","link":"https:\/\/www.humbertoramos.net\/cifras\/vuca-pinheiro\/","title":{"rendered":"Vuca Pinheiro"},"content":{"rendered":"\n<pre><img loading=\"lazy\" decoding=\"async\" class=\"alignnone size-medium wp-image-3313\" src=\"http:\/\/www.humbertoramos.net\/cifras\/wp-content\/uploads\/2019\/01\/Screen-Shot-2019-01-10-at-13.36.39-300x201.png\" alt=\"\" width=\"300\" height=\"201\" srcset=\"https:\/\/www.humbertoramos.net\/cifras\/wp-content\/uploads\/2019\/01\/Screen-Shot-2019-01-10-at-13.36.39-300x201.png 300w, https:\/\/www.humbertoramos.net\/cifras\/wp-content\/uploads\/2019\/01\/Screen-Shot-2019-01-10-at-13.36.39.png 412w\" sizes=\"auto, (max-width: 300px) 100vw, 300px\" \/><br \/>Na parte l\u00edrica das minhas composi\u00e7\u00f5es procuro exteriorizar tudo o que me vai na alma, desde o amor mais velado, \u00e0 cr\u00edtica social, passando pelas intemp\u00e9ries da vida, \u00e0 saudade da terra natal e navegando em \u00e1guas mais turbulentas da paix\u00e3o.<br \/><em>A composi\u00e7\u00e3o pode ter como tem\u00e1tica a situa\u00e7\u00e3o real e atual do compositor, assim como pode se extrapolar em divaga\u00e7\u00f5es que nem sempre correspondem \u00e0 realidade dos factos. Essa \u00e9 a regalia do compositor, que consegue abordar assuntos diversos sem se comprometer (ou comprometendo-se?) com a verdade dos\u00a0 factos.<\/em><br \/><em>No entanto, a ideia do compositor pode ser facilmente adulterada por uma pontua\u00e7\u00e3o defeituosa, por adicionar ou retirar um monoss\u00edlabo que pode ter o cond\u00e3o de inverter a mensagem contida no texto, por uma interpreta\u00e7\u00e3o pouco cuidada, ou <br \/>at\u00e9 pelo fasc\u00ednio de uma quadra em detrimento das restantes que complementariam a mensagem do compositor.<\/em><br \/><em>Por tudo isso, resolv\u00ed incluir nesta publica\u00e7\u00e3o todas as letras das minhas composi\u00e7\u00f5es para, deste modo, facilitar a pesquisa e dar um cunho de veracidade \u00e0 mensagem veiculada.<\/em><\/pre>\n\n\n\n<p class=\"has-cyan-bluish-gray-background-color has-background\"><p class=\"has-background has-cyan-bluish-gray-background-color\">Nasci na Vila Nova Sintra, Ilha Brava, no dia 23 de janeiro de 1948. Sou filho de J\u00falio Jos\u00e9 Pinheiro, m\u00e9dico, j\u00e1 falecido e de Maria da Concei\u00e7\u00e3o Azevedo Pinheiro. Tenho 10 irm\u00e3os, sendo 5 mulheres e 5 homens, curiosamente espalhados por 3 continentes, sendo que o maior n\u00famero deles se encontra aqui residindo em 6 diferentes Estados dos EUA. A minha primeira inf\u00e2ncia aconteceu na ilha Brava, mais precisamente na Vila Nova Sintra, no auge da sua vitalidade habitacional, num clima de muita intensidade cultural, num ambiente prop\u00edcio a serenatas, saraus culturais, festas de romaria e musicalmente favor\u00e1vel \u00e0 introdu\u00e7\u00e3o de jovens em andan\u00e7as de aprendizagem musical.<\/p>\n<pre>Discografia e \u00e1lbuns em que Vuca Pinheiro participou<strong>&nbsp;<\/strong><br><br>1985 - \u201cFor\u00e7a Di Cretcheu\u201d - Instrumental - Mornas antigas da ilha Brava da autoria de Eug\u00e9nio Tavares, Jos\u00e9 Medina, Rodrigo Peres, Silvestre Faria, Wilson Nunes e L\u00facio Azevedo.<br><br>1987 - \u201c\u00cas Qu\u00ea Nha Terra Cabo Verde\u201d - Instrumental - Mornas antigas da ilha Brava espelhando composi\u00e7\u00f5es de Eug\u00e9nio Tavares, Djedjinho, Silvestre faria, Jos\u00e9 Medina, Edwino Nunes e \u00c1lvaro Soares. Para demonstrar que tinha inten\u00e7\u00e3o de gravar mornas de outras ilhas, inclu\u00ed neste disco mais duas mornas de S\u00e3o Vicente, composi\u00e7\u00f5es de Gabriel Mariano, Jacinto Estrela e Dj\u00f4 D\u2019Eloy.<br><br>1993 - \u201cCretcheu Na Paz\u201d - Instrumental - 8 mornas antigas da ilha Brava. Neste disco inclu\u00ed duas composi\u00e7\u00f5es de minha autoria, sendo uma delas (\u201cN\u00f4s Poeta Rodrigo\u201d) uma homenagem a Rodrigo Peres, um dos nossos grandes compositores da ilha Brava. A outra morna (\u201cSodade de Cabo Verde\u201d) viria a ser regravada mais tarde no CD \u201cVuca Pinheiro &amp; Amigos\u201d.<br><br>1996 - \u201cFama Sem Prub\u00eato\u201d - Instrumental - Mornas da Brava, Fogo, Boavista e S\u00e3o Vicente, para al\u00e9m de novos ritmos incluidos como a mazurca, valsa e samba, estes de minha autoria.<br><br>2000 - \u201cVuca Pinheiro &amp; Amigos\u201d - Devido ao ac\u00famulo de composi\u00e7\u00f5es de minha autoria, versando sobre amor, saudade e cr\u00edtica social, decidi convidar cantores da nossa comunidade imigrada a interpretarem essas composi\u00e7\u00f5es. Assim, participaram do CD: Djosinha, Piduca Silva, Armando de Pina, S\u00e3ozinha Fonseca, Quirino DoCanto, Lutchinha, Z\u00e9 Rui, Judite Pinheiro, Duducha, Amadeu Fontes, Jos\u00e9 Silva, Galv\u00e3o e Vuca Pinheiro, num total de 32 m\u00fasicos envolvidos.<br><br>2009 - \u201cTerra De Eug\u00e9nio\u201d - Segundo CD com composi\u00e7\u00f5es de minha autoria interpretadas por Bana, T\u00f3 Alves, Piduca Silva, Armando de Pina, Cal\u00fa Bana, Toi Pinto, Quirino DoCanto, Judite Pinheiro, Lutchinha, Carlos Diamantino e An\u00edbal. Este CD, versando tamb\u00e9m sobre o amor, a saudade e a cr\u00edtica social, teve a colabora\u00e7\u00e3o de 34 artistas sob o tema da \u201cuni\u00e3o entre m\u00fasicos\u201d.<br><br>2012 - \u201cNovo Horizonte\u201d - Duplo CD instrumental com um total de 51 temas gravados em 30 faixas. Para al\u00e9m de 12 composi\u00e7\u00f5es de minha autoria, este CD Duplo cont\u00e9m temas de origem Cabo-verdiana, Brasileira, Portuguesa, Latina e Argentina.<br><br>2012 - \u201cMarchas de Fim-de-Ano da Ilha Brava\u201d - Um trabalho de pesquisa e recupera\u00e7\u00e3o de 15 temas da mem\u00f3ria bravense dos anos dourados da Ilha das Flores, (por sinal com 4 composi\u00e7\u00f5es do meu pai), com interpreta\u00e7\u00f5es de Djosinha, Armando de Pina, S\u00e3ozinha Fonseca, Van Feij\u00f3o Pereira, Djuta Barros, Peter Arteaga, Esmeraldo Duarte e Carlos Mendes.<\/pre>\n<p>AGA NA FERVURA<\/p>\n<p>AL SOM\u00c2 TA B\u00c9M<\/p>\n<p>ALIENADO&nbsp;<\/p>\n<p>AMOR SEM EXIG\u00caNCIAS<\/p>\n<p>BEM CONCH\u00ca N\u00d4S TERRA<\/p>\n<p><a href=\"http:\/\/www.humbertoramos.net\/cifras\/bico-fino-vuca-pinheiro\/\">BICO FINO \u00c9 S\u00d3 PA NH\u00d4S<\/a><\/p>\n<p>BIDA CERTO SEM FANTASIA<\/p>\n<p>&nbsp;CABO VERDE DI N\u00d3S&nbsp;<\/p>\n<p>CABO VERDE NA PENSAMENTO<\/p>\n<p>&nbsp;CABO VERDE TERRA SABE<\/p>\n<p>&nbsp;CABOVERDIANIDADE&nbsp;<\/p>\n<p>CATIVA<\/p>\n<p>&nbsp;COMBERSA CO DEUS<\/p>\n<p>CORA\u00c7\u00c3O DE EMIGRANTE&nbsp;<\/p>\n<p>CUSAS DI TERRA<\/p>\n<p>&nbsp;D\u2019NHER D\u2019PL\u00c1STICO<\/p>\n<p>&nbsp;DI MANSO MANSO<\/p>\n<p>D\u00d3R DI SEPARA\u00c7\u00c3O<\/p>\n<p>DOR DI SODADE<\/p>\n<p>DOR E PRANTO&nbsp;<\/p>\n<p>\u00c9S VIDA \u00c9 UM CRISTAL<\/p>\n<p>FANTASIAS DE UM ILHEU&nbsp;<\/p>\n<p>FIDJOS DI SODADE E VENTO LESTE<\/p>\n<p>FLORZINHAS COQUE E BAFA<\/p>\n<p>&nbsp;GRITO DI NHAALMA&nbsp;<\/p>\n<p>HOJE<\/p>\n<p>INIGMA D\u2019BO SORRISO<\/p>\n<p>J\u2019AL TA FAL\u00c2 INGL\u00caS<\/p>\n<p>JUVENTUDE FUGAZ<\/p>\n<p>&nbsp;L\u00c1 VEM ELA&nbsp;<\/p>\n<p>L\u00c1GRIMAS DE CROCODILO&nbsp;<\/p>\n<p>LINGA D\u2019MUNDE<\/p>\n<p>M\u2019NINE D\u2019MANDODE<\/p>\n<p>&nbsp;MARCA FATAL<\/p>\n<p>MENDON\u00c7A&nbsp;<\/p>\n<p>MORDA\u00c7A<\/p>\n<p>MORENINHA D\u2019ODJOS DI UBA<\/p>\n<p>&nbsp;MORNA, CONSOLO D\u2019N\u00d3S ALMA&nbsp;<\/p>\n<p>MOSCA ESTRANHO<\/p>\n<p>NA C\u00c9U TEM UM STRELA<\/p>\n<p>&nbsp;NEM CU MANDUCO&nbsp;<\/p>\n<p>NHA CORA\u00c7ON CA TEM DONO&nbsp;<\/p>\n<p>NHA MOCIDADI<\/p>\n<p>NO FUNDO DO PO\u00c7O<\/p>\n<p>&nbsp;N\u00d3 NA GARGANTA<\/p>\n<p>N\u00d3S FILOSOFIA&nbsp;<\/p>\n<p>N\u00d3S MAZURCA<\/p>\n<p>N\u00d4S POETA RODRIGO&nbsp;<\/p>\n<p>O AMOR TEM LOUCURAS<\/p>\n<p>O AUSENTE<\/p>\n<p>OLHAR RETRAIDO<\/p>\n<p>&nbsp;OS MEUS 20 ANOS&nbsp;<\/p>\n<p>P\u2019RA VIVER UM GRANDE AMOR&nbsp;<\/p>\n<p>PARTIDA &#8211; 073 SAL NHA DESTINO<\/p>\n<p>SAMBA PALOP<\/p>\n<p>SAUDADES<\/p>\n<p>SEMENTEIRA<\/p>\n<p>SODADE D\u2019NHA TERRINHA<\/p>\n<p>SODADE DE CABO VERDE<\/p>\n<p>S\u00daPLICA D\u2019UM EMIGRANTE<\/p>\n<p>TERRA DI EUG\u00c9NIO<\/p>\n<p>TRADICIONAL\u00cdSSIMO&nbsp;<\/p>\n<p>UM CABO VERDE UNIDO<\/p>\n<p>VERDIANINHA SINGULAR<\/p>\n<p>VIAGEM SEM RETORNO<\/p>\n<p>VIDA D\u2019IMIGRANTE&nbsp;<\/p><\/p>\n\n\n\n<h2 class=\"wp-block-heading\">Temas Cifrados<\/h2>\n\n\n\n<p class=\"p1\"><ul class=\"lcp_catlist\" id=\"lcp_instance_0\"><li><a href=\"https:\/\/www.humbertoramos.net\/cifras\/bico-fino-vuca-pinheiro\/\">Bico fino \u00ea s\u00f4 p\u00e2 nh\u00f4s &#8211; Vuca Pinheiro<\/a><\/li><li><a href=\"https:\/\/www.humbertoramos.net\/cifras\/conbersa-co-deus-vuca-pinheiro\/\">Combersa co Deus &#8211; Vuca Pinheiro<\/a><\/li><li><a href=\"https:\/\/www.humbertoramos.net\/cifras\/inigma-dbo-sorriso-vuca-pinheiro\/\">Inigma d&#8217;b\u00f4 sorriso &#8211; Vuca Pinheiro<\/a><\/li><\/ul><\/p>\n","protected":false},"excerpt":{"rendered":"<p>Na parte l\u00edrica das minhas composi\u00e7\u00f5es procuro exteriorizar tudo o que me vai na alma, desde o amor mais velado, \u00e0 cr\u00edtica social, passando pelas intemp\u00e9ries da vida, \u00e0 saudade [&hellip;]<\/p>\n","protected":false},"author":1,"featured_media":0,"parent":0,"menu_order":0,"comment_status":"open","ping_status":"closed","template":"","meta":{"spay_email":"","footnotes":""},"class_list":["post-3290","page","type-page","status-publish","hentry"],"_links":{"self":[{"href":"https:\/\/www.humbertoramos.net\/cifras\/wp-json\/wp\/v2\/pages\/3290","targetHints":{"allow":["GET"]}}],"collection":[{"href":"https:\/\/www.humbertoramos.net\/cifras\/wp-json\/wp\/v2\/pages"}],"about":[{"href":"https:\/\/www.humbertoramos.net\/cifras\/wp-json\/wp\/v2\/types\/page"}],"author":[{"embeddable":true,"href":"https:\/\/www.humbertoramos.net\/cifras\/wp-json\/wp\/v2\/users\/1"}],"replies":[{"embeddable":true,"href":"https:\/\/www.humbertoramos.net\/cifras\/wp-json\/wp\/v2\/comments?post=3290"}],"version-history":[{"count":13,"href":"https:\/\/www.humbertoramos.net\/cifras\/wp-json\/wp\/v2\/pages\/3290\/revisions"}],"predecessor-version":[{"id":4238,"href":"https:\/\/www.humbertoramos.net\/cifras\/wp-json\/wp\/v2\/pages\/3290\/revisions\/4238"}],"wp:attachment":[{"href":"https:\/\/www.humbertoramos.net\/cifras\/wp-json\/wp\/v2\/media?parent=3290"}],"curies":[{"name":"wp","href":"https:\/\/api.w.org\/{rel}","templated":true}]}}

<pre><img loading="lazy" decoding="async" class="alignnone size-medium wp-image-3313" src="http://www.humbertoramos.net/cifras/wp-content/uploads/2019/01/Screen-Shot-2019-01-10-at-13.36.39-300x201.png" alt="" width="300" height="201" srcset="https://www.humbertoramos.net/cifras/wp-content/uploads/2019/01/Screen-Shot-2019-01-10-at-13.36.39-300x201.png 300w, https://www.humbertoramos.net/cifras/wp-content/uploads/2019/01/Screen-Shot-2019-01-10-at-13.36.39.png 412w" sizes="auto, (max-width: 300px) 100vw, 300px" /><br />Na parte lírica das minhas composições procuro exteriorizar tudo o que me vai na alma, desde o amor mais velado, à crítica social, passando pelas intempéries da vida, à saudade da terra natal e navegando em águas mais turbulentas da paixão.<br /><em>A composição pode ter como temática a situação real e atual do compositor, assim como pode se extrapolar em divagações que nem sempre correspondem à realidade dos factos. Essa é a regalia do compositor, que consegue abordar assuntos diversos sem se comprometer (ou comprometendo-se?) com a verdade dos  factos.</em><br /><em>No entanto, a ideia do compositor pode ser facilmente adulterada por uma pontuação defeituosa, por adicionar ou retirar um monossílabo que pode ter o condão de inverter a mensagem contida no texto, por uma interpretação pouco cuidada, ou <br />até pelo fascínio de uma quadra em detrimento das restantes que complementariam a mensagem do compositor.</em><br /><em>Por tudo isso, resolví incluir nesta publicação todas as letras das minhas composições para, deste modo, facilitar a pesquisa e dar um cunho de veracidade à mensagem veiculada.</em></pre>



<p class="has-cyan-bluish-gray-background-color has-background"><p class="has-background has-cyan-bluish-gray-background-color">Nasci na Vila Nova Sintra, Ilha Brava, no dia 23 de janeiro de 1948. Sou filho de Júlio José Pinheiro, médico, já falecido e de Maria da Conceição Azevedo Pinheiro. Tenho 10 irmãos, sendo 5 mulheres e 5 homens, curiosamente espalhados por 3 continentes, sendo que o maior número deles se encontra aqui residindo em 6 diferentes Estados dos EUA. A minha primeira infância aconteceu na ilha Brava, mais precisamente na Vila Nova Sintra, no auge da sua vitalidade habitacional, num clima de muita intensidade cultural, num ambiente propício a serenatas, saraus culturais, festas de romaria e musicalmente favorável à introdução de jovens em andanças de aprendizagem musical.</p>
<pre>Discografia e álbuns em que Vuca Pinheiro participou<strong>&nbsp;</strong><br><br>1985 - “Força Di Cretcheu” - Instrumental - Mornas antigas da ilha Brava da autoria de Eugénio Tavares, José Medina, Rodrigo Peres, Silvestre Faria, Wilson Nunes e Lúcio Azevedo.<br><br>1987 - “Ês Quê Nha Terra Cabo Verde” - Instrumental - Mornas antigas da ilha Brava espelhando composições de Eugénio Tavares, Djedjinho, Silvestre faria, José Medina, Edwino Nunes e Álvaro Soares. Para demonstrar que tinha intenção de gravar mornas de outras ilhas, incluí neste disco mais duas mornas de São Vicente, composições de Gabriel Mariano, Jacinto Estrela e Djô D’Eloy.<br><br>1993 - “Cretcheu Na Paz” - Instrumental - 8 mornas antigas da ilha Brava. Neste disco incluí duas composições de minha autoria, sendo uma delas (“Nôs Poeta Rodrigo”) uma homenagem a Rodrigo Peres, um dos nossos grandes compositores da ilha Brava. A outra morna (“Sodade de Cabo Verde”) viria a ser regravada mais tarde no CD “Vuca Pinheiro &amp; Amigos”.<br><br>1996 - “Fama Sem Prubêto” - Instrumental - Mornas da Brava, Fogo, Boavista e São Vicente, para além de novos ritmos incluidos como a mazurca, valsa e samba, estes de minha autoria.<br><br>2000 - “Vuca Pinheiro &amp; Amigos” - Devido ao acúmulo de composições de minha autoria, versando sobre amor, saudade e crítica social, decidi convidar cantores da nossa comunidade imigrada a interpretarem essas composições. Assim, participaram do CD: Djosinha, Piduca Silva, Armando de Pina, Sãozinha Fonseca, Quirino DoCanto, Lutchinha, Zé Rui, Judite Pinheiro, Duducha, Amadeu Fontes, José Silva, Galvão e Vuca Pinheiro, num total de 32 músicos envolvidos.<br><br>2009 - “Terra De Eugénio” - Segundo CD com composições de minha autoria interpretadas por Bana, Tó Alves, Piduca Silva, Armando de Pina, Calú Bana, Toi Pinto, Quirino DoCanto, Judite Pinheiro, Lutchinha, Carlos Diamantino e Aníbal. Este CD, versando também sobre o amor, a saudade e a crítica social, teve a colaboração de 34 artistas sob o tema da “união entre músicos”.<br><br>2012 - “Novo Horizonte” - Duplo CD instrumental com um total de 51 temas gravados em 30 faixas. Para além de 12 composições de minha autoria, este CD Duplo contém temas de origem Cabo-verdiana, Brasileira, Portuguesa, Latina e Argentina.<br><br>2012 - “Marchas de Fim-de-Ano da Ilha Brava” - Um trabalho de pesquisa e recuperação de 15 temas da memória bravense dos anos dourados da Ilha das Flores, (por sinal com 4 composições do meu pai), com interpretações de Djosinha, Armando de Pina, Sãozinha Fonseca, Van Feijóo Pereira, Djuta Barros, Peter Arteaga, Esmeraldo Duarte e Carlos Mendes.</pre>
<p>AGA NA FERVURA</p>
<p>AL SOMÂ TA BÉM</p>
<p>ALIENADO&nbsp;</p>
<p>AMOR SEM EXIGÊNCIAS</p>
<p>BEM CONCHÊ NÔS TERRA</p>
<p><a href="http://www.humbertoramos.net/cifras/bico-fino-vuca-pinheiro/">BICO FINO É SÓ PA NHÔS</a></p>
<p>BIDA CERTO SEM FANTASIA</p>
<p>&nbsp;CABO VERDE DI NÓS&nbsp;</p>
<p>CABO VERDE NA PENSAMENTO</p>
<p>&nbsp;CABO VERDE TERRA SABE</p>
<p>&nbsp;CABOVERDIANIDADE&nbsp;</p>
<p>CATIVA</p>
<p>&nbsp;COMBERSA CO DEUS</p>
<p>CORAÇÃO DE EMIGRANTE&nbsp;</p>
<p>CUSAS DI TERRA</p>
<p>&nbsp;D’NHER D’PLÁSTICO</p>
<p>&nbsp;DI MANSO MANSO</p>
<p>DÓR DI SEPARAÇÃO</p>
<p>DOR DI SODADE</p>
<p>DOR E PRANTO&nbsp;</p>
<p>ÉS VIDA É UM CRISTAL</p>
<p>FANTASIAS DE UM ILHEU&nbsp;</p>
<p>FIDJOS DI SODADE E VENTO LESTE</p>
<p>FLORZINHAS COQUE E BAFA</p>
<p>&nbsp;GRITO DI NHAALMA&nbsp;</p>
<p>HOJE</p>
<p>INIGMA D’BO SORRISO</p>
<p>J’AL TA FALÂ INGLÊS</p>
<p>JUVENTUDE FUGAZ</p>
<p>&nbsp;LÁ VEM ELA&nbsp;</p>
<p>LÁGRIMAS DE CROCODILO&nbsp;</p>
<p>LINGA D’MUNDE</p>
<p>M’NINE D’MANDODE</p>
<p>&nbsp;MARCA FATAL</p>
<p>MENDONÇA&nbsp;</p>
<p>MORDAÇA</p>
<p>MORENINHA D’ODJOS DI UBA</p>
<p>&nbsp;MORNA, CONSOLO D’NÓS ALMA&nbsp;</p>
<p>MOSCA ESTRANHO</p>
<p>NA CÉU TEM UM STRELA</p>
<p>&nbsp;NEM CU MANDUCO&nbsp;</p>
<p>NHA CORAÇON CA TEM DONO&nbsp;</p>
<p>NHA MOCIDADI</p>
<p>NO FUNDO DO POÇO</p>
<p>&nbsp;NÓ NA GARGANTA</p>
<p>NÓS FILOSOFIA&nbsp;</p>
<p>NÓS MAZURCA</p>
<p>NÔS POETA RODRIGO&nbsp;</p>
<p>O AMOR TEM LOUCURAS</p>
<p>O AUSENTE</p>
<p>OLHAR RETRAIDO</p>
<p>&nbsp;OS MEUS 20 ANOS&nbsp;</p>
<p>P’RA VIVER UM GRANDE AMOR&nbsp;</p>
<p>PARTIDA &#8211; 073 SAL NHA DESTINO</p>
<p>SAMBA PALOP</p>
<p>SAUDADES</p>
<p>SEMENTEIRA</p>
<p>SODADE D’NHA TERRINHA</p>
<p>SODADE DE CABO VERDE</p>
<p>SÚPLICA D’UM EMIGRANTE</p>
<p>TERRA DI EUGÉNIO</p>
<p>TRADICIONALÍSSIMO&nbsp;</p>
<p>UM CABO VERDE UNIDO</p>
<p>VERDIANINHA SINGULAR</p>
<p>VIAGEM SEM RETORNO</p>
<p>VIDA D’IMIGRANTE&nbsp;</p></p>



<h2 class="wp-block-heading">Temas Cifrados</h2>



<p class="p1"><ul class="lcp_catlist" id="lcp_instance_0"><li><a href="https://www.humbertoramos.net/cifras/bico-fino-vuca-pinheiro/">Bico fino ê sô pâ nhôs &#8211; Vuca Pinheiro</a></li><li><a href="https://www.humbertoramos.net/cifras/conbersa-co-deus-vuca-pinheiro/">Combersa co Deus &#8211; Vuca Pinheiro</a></li><li><a href="https://www.humbertoramos.net/cifras/inigma-dbo-sorriso-vuca-pinheiro/">Inigma d&#8217;bô sorriso &#8211; Vuca Pinheiro</a></li></ul></p>

<p>Na parte lírica das minhas composições procuro exteriorizar tudo o que me vai na alma, desde o amor mais velado, à crítica social, passando pelas intempéries da vida, à saudade [&hellip;]</p>
