{"id":3798,"date":"2020-07-29T17:02:29","date_gmt":"2020-07-29T17:02:29","guid":{"rendered":"http:\/\/www.humbertoramos.net\/cifras\/?page_id=3798"},"modified":"2021-02-24T15:07:17","modified_gmt":"2021-02-24T15:07:17","slug":"morgadinho","status":"publish","type":"page","link":"https:\/\/www.humbertoramos.net\/cifras\/morgadinho\/","title":{"rendered":"Morgadinho"},"content":{"rendered":"<p>MORNAS<\/p>\n<ol>\n<li>PONTA DO SOL<\/li>\n<li>CRETCHEU DI C\u00c9U<\/li>\n<li>CIZE<\/li>\n<li>CABO VERDE D&#8217; ONE DOS MIL<\/li>\n<li>UM P\u00c0GINA VOLT\u00d4DE<\/li>\n<li>DIA M\u00c0S GRANDE<\/li>\n<li>ESPER\u00c2N\u00c7A DUM POVO<\/li>\n<li>AMOR D &#8216; MAE ) \u2013<\/li>\n<li>SONHO DUM CRIOLA<\/li>\n<\/ol>\n<p>COLADEIRAS<\/p>\n<ol>\n<li>UM CRIOL NA FRANCA<\/li>\n<li>BLEU JEAN<\/li>\n<li>CRIULINHA<\/li>\n<li>CA BO ENTREGA SEM BO ESCOLA<\/li>\n<li>CRIOL E BITCHE<\/li>\n<\/ol>\n\n\n\n\n<h2 class=\"wp-block-heading\">Temas Cifrados<\/h2>\n\n\n\n<ul class=\"lcp_catlist\" id=\"lcp_instance_0\"><li><a href=\"https:\/\/www.humbertoramos.net\/cifras\/ama-sem-mede-morgadinho\/\">Am\u00e1 sem m\u00eade &#8211; Morgadinho<\/a><\/li><li><a href=\"https:\/\/www.humbertoramos.net\/cifras\/cabo-vede-done-2000-morgadinho\/\">Cabo Vede d&#8217;one 2000 &#8211; Morgadinho<\/a><\/li><li><a href=\"https:\/\/www.humbertoramos.net\/cifras\/cize-morgadinho\/\">Cize &#8211; Morgadinho<\/a><\/li><li><a href=\"https:\/\/www.humbertoramos.net\/cifras\/criol-e-bitche-morgadinho\/\">Criol \u00ea bitche &#8211; Morgadinho<\/a><\/li><li><a href=\"https:\/\/www.humbertoramos.net\/cifras\/nos-vida-na-terra-longe-morgadinho\/\">N\u00f4s vida na terra longe &#8211; Morgadinho<\/a><\/li><li><a href=\"https:\/\/www.humbertoramos.net\/cifras\/sol-disponta-di-manhazinha\/\">Sol disponta di manhazinha- Morgadinho<\/a><\/li><li><a href=\"https:\/\/www.humbertoramos.net\/cifras\/sonho-dum-criola-morgadinho\/\">Sonho dum criola &#8211; Morgadinho<\/a><\/li><li><a href=\"https:\/\/www.humbertoramos.net\/cifras\/um-pagina-voltod-morgadinho\/\">Um pagina voltod &#8211; Morgadinho<\/a><\/li><\/ul>\n","protected":false},"excerpt":{"rendered":"<p>MORNAS PONTA DO SOL CRETCHEU DI C\u00c9U CIZE CABO VERDE D&#8217; ONE DOS MIL UM P\u00c0GINA VOLT\u00d4DE DIA M\u00c0S GRANDE ESPER\u00c2N\u00c7A DUM POVO AMOR D &#8216; MAE ) \u2013 SONHO [&hellip;]<\/p>\n","protected":false},"author":1,"featured_media":0,"parent":0,"menu_order":0,"comment_status":"closed","ping_status":"closed","template":"","meta":{"spay_email":"","footnotes":""},"class_list":["post-3798","page","type-page","status-publish","hentry"],"_links":{"self":[{"href":"https:\/\/www.humbertoramos.net\/cifras\/wp-json\/wp\/v2\/pages\/3798","targetHints":{"allow":["GET"]}}],"collection":[{"href":"https:\/\/www.humbertoramos.net\/cifras\/wp-json\/wp\/v2\/pages"}],"about":[{"href":"https:\/\/www.humbertoramos.net\/cifras\/wp-json\/wp\/v2\/types\/page"}],"author":[{"embeddable":true,"href":"https:\/\/www.humbertoramos.net\/cifras\/wp-json\/wp\/v2\/users\/1"}],"replies":[{"embeddable":true,"href":"https:\/\/www.humbertoramos.net\/cifras\/wp-json\/wp\/v2\/comments?post=3798"}],"version-history":[{"count":2,"href":"https:\/\/www.humbertoramos.net\/cifras\/wp-json\/wp\/v2\/pages\/3798\/revisions"}],"predecessor-version":[{"id":4234,"href":"https:\/\/www.humbertoramos.net\/cifras\/wp-json\/wp\/v2\/pages\/3798\/revisions\/4234"}],"wp:attachment":[{"href":"https:\/\/www.humbertoramos.net\/cifras\/wp-json\/wp\/v2\/media?parent=3798"}],"curies":[{"name":"wp","href":"https:\/\/api.w.org\/{rel}","templated":true}]}}