{"id":4915,"date":"2023-02-20T16:44:39","date_gmt":"2023-02-20T16:44:39","guid":{"rendered":"https:\/\/www.humbertoramos.net\/cifras\/?page_id=4915"},"modified":"2023-02-20T16:59:37","modified_gmt":"2023-02-20T16:59:37","slug":"kim-alves","status":"publish","type":"page","link":"https:\/\/www.humbertoramos.net\/cifras\/kim-alves\/","title":{"rendered":"Kim Alves"},"content":{"rendered":"<h2>Kim Alves<\/h2>\r\n<p>Joaquim Fernandes de Pina Alves, \u201cKim\u201d Alves, nasceu em 1966, na Achada de Santo Ant\u00f3nio, no cora\u00e7\u00e3o da cidade da Praia, em Santiago. Filho do conceituado violinista Djonsinho Alves, cedo se interessou pela magia que a m\u00fasica lhe transmitia. Aos cinco anos de idade j\u00e1 acompanhava o pai com o chocalho, os shakers e o pandeiro. A transi\u00e7\u00e3o dos instrumentos de ritmo aos de cordas foi r\u00e1pida. Em menos de um ano, o jovem Kim estava a tocar cavaquinho. Depois foi a viola de doze cordas, o viol\u00e3o e, por fim o violino. O gosto pela m\u00fasica e a paci\u00eancia do pai em ensin\u00e1-lo viriam um dia a dar frutos. Kim Alves \u00e9 atualmente um dos mais prestigiados m\u00fasicos e produtores musicais de Cabo Verde. Ainda adolescente participou em v\u00e1rios grupos na cidade da Praia: sodade, Voz d\u2019\u00c1frica, Zeca Santos, Abel Djassi, Tubar\u00f5es e Fina\u00e7on.<\/p>\r\n<table style=\"width: 59.3185%; height: 744px;\" width=\"135\">\r\n<tbody>\r\n<tr>\r\n<td width=\"135\">amor eclipse<\/td>\r\n<\/tr>\r\n<tr>\r\n<td>amor sofredor<\/td>\r\n<\/tr>\r\n<tr>\r\n<td>badiu si<\/td>\r\n<\/tr>\r\n<tr>\r\n<td>caxon ca tem cofre<\/td>\r\n<\/tr>\r\n<tr>\r\n<td>djan djan<\/td>\r\n<\/tr>\r\n<tr>\r\n<td>djon d&#8217;inferno<\/td>\r\n<\/tr>\r\n<tr>\r\n<td>eu acredito<\/td>\r\n<\/tr>\r\n<tr>\r\n<td>fronta maria<\/td>\r\n<\/tr>\r\n<tr>\r\n<td>ka bu frontam<\/td>\r\n<\/tr>\r\n<tr>\r\n<td>milenium<\/td>\r\n<\/tr>\r\n<tr>\r\n<td>nha damaxa<\/td>\r\n<\/tr>\r\n<tr>\r\n<td>nha dunda dz\u00ea<\/td>\r\n<\/tr>\r\n<tr>\r\n<td>nos storia<\/td>\r\n<\/tr>\r\n<tr>\r\n<td>o meu malandro<\/td>\r\n<\/tr>\r\n<tr>\r\n<td>pedra sim<\/td>\r\n<\/tr>\r\n<tr>\r\n<td>sonho consolado<\/td>\r\n<\/tr>\r\n<tr>\r\n<td>sonho real<\/td>\r\n<\/tr>\r\n<tr>\r\n<td>sonhos de rosas<\/td>\r\n<\/tr>\r\n<tr>\r\n<td>ta da ta da<\/td>\r\n<\/tr>\r\n<tr>\r\n<td>unidos pa djar fogo<\/td>\r\n<\/tr>\r\n<\/tbody>\r\n<\/table>\r\n<h2>\u00a0<\/h2>\r\n<h2>Temas Cifrados<\/h2>\r\n<!-- \/wp:heading -->\r\n\r\n<!-- wp:paragraph -->\r\n<ul class=\"lcp_catlist\" id=\"lcp_instance_0\"><li><a href=\"https:\/\/www.humbertoramos.net\/cifras\/caxon-ca-tem-cofre-quim-alves\/\">Caxon ca tem cofre &#8211; Quim Alves<\/a><\/li><li><a href=\"https:\/\/www.humbertoramos.net\/cifras\/sonho-de-rosas-kim-alves\/\">Sonho de rosas &#8211; Kim Alves<\/a><\/li><\/ul>","protected":false},"excerpt":{"rendered":"<p>Kim Alves Joaquim Fernandes de Pina Alves, \u201cKim\u201d Alves, nasceu em 1966, na Achada de Santo Ant\u00f3nio, no cora\u00e7\u00e3o da cidade da Praia, em Santiago. Filho do conceituado violinista Djonsinho [&hellip;]<\/p>\n","protected":false},"author":1,"featured_media":0,"parent":0,"menu_order":0,"comment_status":"closed","ping_status":"closed","template":"","meta":{"spay_email":"","footnotes":""},"class_list":["post-4915","page","type-page","status-publish","hentry"],"_links":{"self":[{"href":"https:\/\/www.humbertoramos.net\/cifras\/wp-json\/wp\/v2\/pages\/4915","targetHints":{"allow":["GET"]}}],"collection":[{"href":"https:\/\/www.humbertoramos.net\/cifras\/wp-json\/wp\/v2\/pages"}],"about":[{"href":"https:\/\/www.humbertoramos.net\/cifras\/wp-json\/wp\/v2\/types\/page"}],"author":[{"embeddable":true,"href":"https:\/\/www.humbertoramos.net\/cifras\/wp-json\/wp\/v2\/users\/1"}],"replies":[{"embeddable":true,"href":"https:\/\/www.humbertoramos.net\/cifras\/wp-json\/wp\/v2\/comments?post=4915"}],"version-history":[{"count":2,"href":"https:\/\/www.humbertoramos.net\/cifras\/wp-json\/wp\/v2\/pages\/4915\/revisions"}],"predecessor-version":[{"id":4919,"href":"https:\/\/www.humbertoramos.net\/cifras\/wp-json\/wp\/v2\/pages\/4915\/revisions\/4919"}],"wp:attachment":[{"href":"https:\/\/www.humbertoramos.net\/cifras\/wp-json\/wp\/v2\/media?parent=4915"}],"curies":[{"name":"wp","href":"https:\/\/api.w.org\/{rel}","templated":true}]}}

<h2>Kim Alves</h2>
<p>Joaquim Fernandes de Pina Alves, “Kim” Alves, nasceu em 1966, na Achada de Santo António, no coração da cidade da Praia, em Santiago. Filho do conceituado violinista Djonsinho Alves, cedo se interessou pela magia que a música lhe transmitia. Aos cinco anos de idade já acompanhava o pai com o chocalho, os shakers e o pandeiro. A transição dos instrumentos de ritmo aos de cordas foi rápida. Em menos de um ano, o jovem Kim estava a tocar cavaquinho. Depois foi a viola de doze cordas, o violão e, por fim o violino. O gosto pela música e a paciência do pai em ensiná-lo viriam um dia a dar frutos. Kim Alves é atualmente um dos mais prestigiados músicos e produtores musicais de Cabo Verde. Ainda adolescente participou em vários grupos na cidade da Praia: sodade, Voz d’África, Zeca Santos, Abel Djassi, Tubarões e Finaçon.</p>
<table style="width: 59.3185%; height: 744px;" width="135">
<tbody>
<tr>
<td width="135">amor eclipse</td>
</tr>
<tr>
<td>amor sofredor</td>
</tr>
<tr>
<td>badiu si</td>
</tr>
<tr>
<td>caxon ca tem cofre</td>
</tr>
<tr>
<td>djan djan</td>
</tr>
<tr>
<td>djon d&#8217;inferno</td>
</tr>
<tr>
<td>eu acredito</td>
</tr>
<tr>
<td>fronta maria</td>
</tr>
<tr>
<td>ka bu frontam</td>
</tr>
<tr>
<td>milenium</td>
</tr>
<tr>
<td>nha damaxa</td>
</tr>
<tr>
<td>nha dunda dzê</td>
</tr>
<tr>
<td>nos storia</td>
</tr>
<tr>
<td>o meu malandro</td>
</tr>
<tr>
<td>pedra sim</td>
</tr>
<tr>
<td>sonho consolado</td>
</tr>
<tr>
<td>sonho real</td>
</tr>
<tr>
<td>sonhos de rosas</td>
</tr>
<tr>
<td>ta da ta da</td>
</tr>
<tr>
<td>unidos pa djar fogo</td>
</tr>
</tbody>
</table>
<h2> </h2>
<h2>Temas Cifrados</h2>
<!-- /wp:heading -->

<!-- wp:paragraph -->
<ul class="lcp_catlist" id="lcp_instance_0"><li><a href="https://www.humbertoramos.net/cifras/caxon-ca-tem-cofre-quim-alves/">Caxon ca tem cofre &#8211; Quim Alves</a></li><li><a href="https://www.humbertoramos.net/cifras/sonho-de-rosas-kim-alves/">Sonho de rosas &#8211; Kim Alves</a></li></ul>

<p>Kim Alves Joaquim Fernandes de Pina Alves, “Kim” Alves, nasceu em 1966, na Achada de Santo António, no coração da cidade da Praia, em Santiago. Filho do conceituado violinista Djonsinho [&hellip;]</p>
